{"id":90,"date":"2019-11-01T13:47:44","date_gmt":"2019-11-01T12:47:44","guid":{"rendered":"http:\/\/serwer1802533.home.pl\/autoinstalator\/wordpressplugins\/?page_id=90"},"modified":"2023-02-10T23:47:43","modified_gmt":"2023-02-10T22:47:43","slug":"sigmund","status":"publish","type":"page","link":"https:\/\/wcieniuimperium.pl\/index.php\/sigmund\/","title":{"rendered":"Sigmund Tannhauser"},"content":{"rendered":"\n<div class=\"wp-block-file\"><a href=\"https:\/\/wcieniuimperium.pl\/wp-content\/uploads\/2023\/02\/Sigmund-Tannhauser.pdf\">Sigmund-Tannhauser &#8211; Karta Postaci<\/a><a href=\"https:\/\/wcieniuimperium.pl\/wp-content\/uploads\/2023\/02\/Sigmund-Tannhauser.pdf\" class=\"wp-block-file__button\" download>Pobierz<\/a><\/div>\n\n\n<p style=\"text-align: justify;\">Wysoko urodzony, zamo\u017cny, przystojny, dobrze zbudowany &#8211; to tylko kilka z przymiot\u00f3w, kt\u00f3re kompletnie nie pasuj\u0105 do Sigmunda Tannhausera. \u015awie\u017co upieczony Alchemik nie wpad\u0142by pewnie nawet na pomys\u0142 ruszenia w \u015bwiat, gdyby nie przyk\u0142ad przyjaci\u00f3\u0142 z kolegium magii w Altdorfie.<\/p>\n<p style=\"text-align: justify;\">Wychowany w rodzinie kowala w Diesdorfie, w p\u00f3\u0142 drogi pomi\u0119dzy Altorfem i Nuln. Mimo, \u017ce ojciec zagania\u0142 go do pracy od m\u0142odych lat, a zapach ku\u017ani i stukot m\u0142ota zna\u0142 lepiej ni\u017c dzieci\u0119ce wyliczanki, nigdy nie by\u0142 zbyt przyk\u0142adnym czeladnikiem. Rodzice, dotkni\u0119ci utrat\u0105 dw\u00f3ch pozosta\u0142ych syn\u00f3w w do\u015b\u0107 tajemniczych okoliczno\u015bciach, na pi\u0119tnast\u0105 wiosn\u0119 sprawili mu zatem najlepszy prezent, jaki mogli wymy\u015bli\u0107: podr\u00f3\u017c do krasnoludzkiej ku\u017ani w Ubersreik, aby w ko\u0144cu m\u00f3g\u0142 sta\u0107 si\u0119 kowalem znanym na ca\u0142e imperium, dok\u0142adnie jak tata sobie wymarzy\u0142.<\/p>\n<p style=\"text-align: justify;\">Pod czujnym okiem krasnoludzkiego mistrza (nota bene: znajomego ojca z dawnych czas\u00f3w) szybko wysz\u0142o na jaw, \u017ce najlepsze dzie\u0142a Sigmunda nie s\u0105 wynikiem pracy w pocie czo\u0142a, a mimowolnego splatania magii. Nie min\u0119\u0142o wiele czasu, a Sigmund siedzia\u0142 ju\u017c na wozie, rado\u015bnie podskakuj\u0105cym na kamieniach wy\u015bcielaj\u0105cych trakt do Altdorfu, czule \u017cegnany przez rodzic\u00f3w rozrzewnionych wizj\u0105 z\u0142otych koron jakie ich wspania\u0142y syn przywiezie wracaj\u0105c z kolegium Alchemii (jednocze\u015bnie szykuj\u0105cych \u015blub c\u00f3rki i obiecuj\u0105cego kupca, gdyby plan si\u0119 nie powi\u00f3d\u0142).<\/p>\n<p style=\"text-align: justify;\">Sigmund od samego pocz\u0105tku kompletnie zaton\u0105\u0142 w wielkim mie\u015bcie, tomach tajemnej wiedzy i presti\u017cu, jaki niesie ze sob\u0105 kolegium. Szybko jednak okaza\u0142o si\u0119, \u017ce mimowolne splatanie magii niewiele ma wsp\u00f3lnego z metodyczn\u0105 i ci\u0119\u017ck\u0105 prac\u0105 alchemika; mimo to, uda\u0142o mu si\u0119 przebrn\u0105\u0107 przez lata nauki, a nawet nawi\u0105za\u0107 kilka trwa\u0142ych przyja\u017ani. Z jednym z Alchemik\u00f3w przoduj\u0105cych na polu bitwy po\u0142\u0105czy\u0142a go smyka\u0142ka do hazardu (nic tak nie \u0142\u0105czy ludzi jak wsp\u00f3lna ucieczka gdy naraz zdecyduj\u0105 si\u0119 oszukiwa\u0107), nieudolne zaloty &#8211; z urokliw\u0105 alchemiczk\u0105, kt\u00f3ra o chemii i in\u017cynierii wiedzia\u0142a przed studiami wi\u0119cej, ni\u017c Sigmund mia\u0142 nadziej\u0119 nauczy\u0107 si\u0119 przez ca\u0142e \u017cycie. Ca\u0142onocne rozmowy o naturze materii (przy butelce wina, zawsze na koszt Sigmunda) zjedna\u0142y nawet jednego z Profesor\u00f3w akademii.<\/p>\n<p style=\"text-align: justify;\">Zainspirowany jednym z przyjaci\u00f3\u0142, kt\u00f3ry jeszcze w dniu uko\u0144czenia praktyk wyruszy\u0142 przed siebie w \u015bwiat szukaj\u0105c lepszego losu, Sigmund pod\u0105\u017cy\u0142 tym samym tropem. Wiedzia\u0142, \u017ce mury akademii nie s\u0105 mu przeznaczone, a sprytu zosta\u0142o akurat na tyle, aby zacz\u0105\u0107 szuka\u0107 zaginionej wiedzy i artefakt\u00f3w o kt\u00f3rych tyle czyta\u0142 w zakurzonych tomach. Przecie\u017c bogactwo i s\u0142awa s\u0105 tu\u017c za rogiem, wystarczy tylko si\u0119gn\u0105\u0107!<\/p>","protected":false},"excerpt":{"rendered":"<p>Wysoko urodzony, zamo\u017cny, przystojny, dobrze zbudowany &#8211; to tylko kilka z przymiot\u00f3w, kt\u00f3re kompletnie nie pasuj\u0105 do Sigmunda Tannhausera. \u015awie\u017co upieczony Alchemik nie wpad\u0142by pewnie nawet na pomys\u0142 ruszenia w \u015bwiat, gdyby nie przyk\u0142ad przyjaci\u00f3\u0142 z kolegium magii w Altdorfie. Wychowany w rodzinie kowala w Diesdorfie, w p\u00f3\u0142 drogi pomi\u0119dzy Altorfem i Nuln. Mimo, \u017ce<\/p>\n<div class=\"read-more-wrapper\"><a class=\"read-more\" href=\"https:\/\/wcieniuimperium.pl\/index.php\/sigmund\/\" title=\"Read More\"> <span class=\"button \">Read More<\/span><\/a><\/div>\n","protected":false},"author":1,"featured_media":0,"parent":0,"menu_order":0,"comment_status":"closed","ping_status":"closed","template":"","meta":{"_monsterinsights_skip_tracking":false,"_monsterinsights_sitenote_active":false,"_monsterinsights_sitenote_note":"","_monsterinsights_sitenote_category":0},"_links":{"self":[{"href":"https:\/\/wcieniuimperium.pl\/index.php\/wp-json\/wp\/v2\/pages\/90"}],"collection":[{"href":"https:\/\/wcieniuimperium.pl\/index.php\/wp-json\/wp\/v2\/pages"}],"about":[{"href":"https:\/\/wcieniuimperium.pl\/index.php\/wp-json\/wp\/v2\/types\/page"}],"author":[{"embeddable":true,"href":"https:\/\/wcieniuimperium.pl\/index.php\/wp-json\/wp\/v2\/users\/1"}],"replies":[{"embeddable":true,"href":"https:\/\/wcieniuimperium.pl\/index.php\/wp-json\/wp\/v2\/comments?post=90"}],"version-history":[{"count":3,"href":"https:\/\/wcieniuimperium.pl\/index.php\/wp-json\/wp\/v2\/pages\/90\/revisions"}],"predecessor-version":[{"id":2429,"href":"https:\/\/wcieniuimperium.pl\/index.php\/wp-json\/wp\/v2\/pages\/90\/revisions\/2429"}],"wp:attachment":[{"href":"https:\/\/wcieniuimperium.pl\/index.php\/wp-json\/wp\/v2\/media?parent=90"}],"curies":[{"name":"wp","href":"https:\/\/api.w.org\/{rel}","templated":true}]}}